-4)/(4/(-16)*-4). Give b(g).
8
Let k(l) = -15*l. Let i be (-2 + 4)/(-16 - -18). Determine k(i).
-15
Let z(d) = -5*d**2 - 2*d**2 - 2*d + 4 + 5*d**2 + d**3. Let k(c) = c**3 - 3*c**2 + 3. Let g be k(3). Calculate z(g).
7
Suppose -15*d = 4*d - 228. Let b(c) = -c - 15. Give b(d).
-27
Let s(o) = o. Suppose 0 = -4*j + l - 2 - 2, -2*j = 5*l + 2. Suppose -i - 7 - 8 = 0. Let t be 3*j*(-10)/i. Calculate s(t).
-2
Let a(i) be the third derivative of i**6/120 + i**5/10 - i**4/6 - 5*i**3/3 + 3*i**2 - 10. Give a(-6).
14
Let n(f) be the third derivative of f**4/12 + f**3/3 - 275*f**2. Calculate n(4).
10
Let w be (-2)/9 - (-11017)/207. Let r = w + -49. Let v(z) be the third derivative of -z**6/120 + z**5/30 + 5*z**4/24 + 2*z**2. What is v(r)?
-12
Let t = 13 + -6. Let b(k) = -15 + 5*k + k - k - 4*k. Calculate b(t).
-8
Let k(a) = 3*a**3 + 4*a**2 - 6*a + 7. Let q(r) = 3*r**3 + 5*r**2 - 7*r + 9. Let t(z) = 5*k(z) - 4*q(z). What is t(-2)?
-21
Let f(l) = l**2 + 4*l - 5. Let p be -15 + 16/2 + -3. Let k(u) = -5*u - 56. Let x be k(p). What is f(x)?
7
Let o = -4 + 8. Let m(v) = -v**2 + 2*v**2 - 4*v - 2*v + 2*v + o. Let y(s) = -s**2 - 35*s - 31. Let u be y(-34). Give m(u).
1
Let m(a) = -3*a**3 + 11*a**2 - 2*a - 6. Let b(y) = 7*y**3 - 24*y**2 + 4*y + 11. Let s(r) = -2*b(r) - 5*m(r). Give s(7).
22
Let s(h) = h**3 + 4*h**2 + 4*h + 4. Let g(u) = -2 + 2 + u + 2. Let y be (-12 + 0)*((-40)/16 + 3). Let a be g(y). Determine s(a).
-12
Let v(f) be the first derivative of f**4/4 - 5*f**3/3 + 5*f + 167. Calculate v(4).
-11
Suppose 0 = 4*h + 12, 6*h + 355 = -5*s + h. Let r = 68 + s. Let a(l) be the second derivative of -l**3/6 + 3*l. What is a(r)?
0
Let u(t) = 3*t**2 + 1. Suppose -44*l = -49*l - 5. Calculate u(l).
4
Let h(b) = 1010 + 0*b - 2*b - 509 - 509. What is h(-3)?
-2
Suppose g + 2*y + 5 = 3*y, -3*y - 27 = 4*g. Let b(t) be the first derivative of -t**3/3 - 5*t**2 - 8*t - 6. Calculate b(g).
16
Let u(m) = 28*m + 4. Let q(n) = 62*n + 8. Let a(g) = 4*q(g) - 9*u(g). Determine a(-7).
24
Let f = 612 - 610. Let j(a) be the second derivative of 0*a**3 - 3/2*a**f - 1/20*a**5 + 1/12*a**4 + 10*a + 0. Calculate j(0).
-3
Let y(r) = r**3 - 8*r**2 + 7*r - 10. Let s be y(7). Let t = 11 + s. Let w(f) = -5 - t - 1 + f**2 - 1 + 5*f. What is w(-6)?
-2
Let b(s) = -s**2 + 14. Suppose 0 = -2*t + 4*t + 5*t. What is b(t)?
14
Let c(u) = 4*u**2 - 7*u + 4. Let o be (-498)/(-54) + -6 + 6/(-27). What is c(o)?
19
Let i(r) = r + 3. Let k be i(6). Let x(l) = l**3 - 2*l**2 - 2*l + 3. Let u be x(0). Let w(s) = 5*s**u - k - 4*s**3 + s - 2*s**3 + 13. Give w(0).
4
Let p be (-5)/(-1)*(-6)/(-5). Suppose 0 = 3*v - 3*j - 6, v + 2*j - 14 = -0*v. Let c(u) = -u**3 - 2*u**2 + 8*u**2 - v + u - 1 + 2. Determine c(p).
1
Let s(w) = -2*w**2 + 2903*w**3 + 3*w + 3 - 2906*w**3 - 2*w**2. Determine s(-2).
5
Let x(p) be the second derivative of 0*p**3 + 1/2*p**4 + 1/2*p**2 + 0 + 4*p. Let i = -2 - -1. Give x(i).
7
Let w(g) be the second derivative of g**5/120 + 17*g**3/6 + 22*g. Let s(j) be the second derivative of w(j). Determine s(1).
1
Let k(f) = -2*f**3 - f**2 + 2*f. Let t(d) = 11*d**3 - d**2 - 5*d. Let s(g) = -6*k(g) - t(g). What is s(-8)?
-8
Let h(g) = -2*g**2 - 25*g - 7. Let v be h(-12). Let p(x) = 7*x + v - x - 4*x - x**2. Calculate p(4).
-3
Let p(g) = -10*g - 5 + g**2 - 1 - 9 + 16 + 0*g**2. Determine p(12).
25
Let v(k) = 2*k + 1. Let g(l) = 10*l + 1. Let m(n) = g(n) - 6*v(n). What is m(7)?
-19
Suppose -5*h + 46 - 26 = 0, h - 13 = 3*k. Let x(g) = -2*g - 7. Give x(k).
-1
Let n(r) be the third derivative of 13*r**2 + r**3 + 0*r + 1/24*r**4 + 0. Calculate n(-10).
-4
Let k(s) = s**2 + 2*s + 5. Suppose -3*t - 3*r + 3 = 0, 0*t = 3*t + 2*r - 2. Give k(t).
5
Let s(m) = 2*m**2 + 7*m + 2. Let d = 192 + -198. Calculate s(d).
32
Let f(y) = -y**3 + 7*y**2 + 18*y - 3. Let n(x) = -4*x**2 - 3*x + 9. Let m be n(0). Give f(m).
-3
Let y(p) = 14*p**2 - 26*p + 12. Let a(x) = 5*x**2 - 9*x + 4. Let h(w) = -11*a(w) + 4*y(w). Let k be (14/(-35))/((-24)/240). What is h(k)?
0
Let s(o) = -1. Suppose -2*n = -3 - 1. Let w(h) = -3*h + 0*h + 2*h + n*h - 1. Let r(l) = 2*s(l) - w(l). Calculate r(-3).
2
Let x(u) be the first derivative of 3*u**2/2 + 4*u + 617. Determine x(-5).
-11
Let x(f) be the second derivative of -1/12*f**4 + 1/20*f**5 + 0 + 0*f**2 + 0*f**3 - 6*f. Suppose -3*i + 2*i = -1. Calculate x(i).
0
Let r(g) be the second derivative of g**5/20 + 7*g**4/12 + g**3/2 - 2*g**2 - 574*g. Give r(-6).
14
Let x(z) = -11 - 2*z - 10 + 5*z - 5*z. Calculate x(-10).
-1
Suppose 0 = -12*a + 14 + 10. Let r(x) = -35 - 29 - x**a + 60 + 7*x. Give r(5).
6
Let l(o) be the second derivative of o**4/12 - 7*o**3/6 + 2*o**2 + 34*o - 2. Calculate l(8).
12
Let j = -4 + -1. Let l(c) = 2*c + 201. Let v(f) = f + 86. Let z(g) = 3*l(g) - 7*v(g). Calculate z(j).
6
Suppose -3*x + d - 4*d + 165 = 0, -3*x = 2*d - 164. Suppose 8*v - x = 2. Let k(r) = -r + 14. What is k(v)?
7
Let n(i) = -i + 3. Let u = 37 + -34. Determine n(u).
0
Let w be (-86)/(-4) + (-1)/2. Let d = -20 + w. Let f(r) = -6 + 1 + 0 - d - 2*r. What is f(-4)?
2
Let h(a) = -2*a + 13. Let m(t) = t - 15. Let f(z) = -5*h(z) - 4*m(z). Calculate f(4).
19
Let w(l) = 5 - 10 + 13*l + 14*l - 26*l. Determine w(0).
-5
Suppose -4*u + 27 = 3. Suppose -m + 21 = 5*x, -2*m + 4*m + x = u. Let b(w) = w - 1. Calculate b(m).
0
Let p(m) be the second derivative of -m**4/12 + m**3 - 10*m**2 + 17*m. Let x(u) be the first derivative of p(u). Determine x(6).
-6
Let y = -25 + 56. Let l = 36 - y. Let x(q) = -q + 7. Give x(l).
2
Suppose -2*r + 34 = -4*o, 4*r - 3*o - 29 = -8*o. Suppose -4*s - 37 = -q - r, 0 = -2*q + 3*s + 27. Let u(x) = x**3 - 5*x**2 - 6*x - 2. Calculate u(q).
-2
Let p(h) be the second derivative of -h**4/6 + 4*h**3/3 - 3*h**2/2 - 125*h + 2. Let y(n) = -4*n - 3. Let w be y(-2). Determine p(w).
-13
Let p(d) = 2*d - 1. Suppose -23 = -10*j - 3. Give p(j).
3
Let b be ((0/4)/(-5))/1. Let a(t) = -t**2 - 3. Calculate a(b).
-3
Let t(a) = 2*a**3 + 3*a**2 - 5*a - 2. Suppose d + 5*m = -25, -2*d - 2*m + 0 = 10. Let y(r) = -r - 2. Let s be y(-2). Suppose -4*n - 12 + s = d. Give t(n).
-14
Suppose -5*r = -3*h + 15, 3*r + r + 5 = h. Suppose -5*j - 2*l + 42 = 0, -5*j + 44 - 8 = -4*l. Let n(u) = -u - j + 16 - 8. Determine n(h).
-5
Let w(v) = -2*v**2 + 14*v + 4. Suppose 6*g + 4*g - b = 67, 0 = -2*g - b + 17. Calculate w(g).
4
Let f(z) = z**2 - 15*z + 27. Let l be f(3). Let p(w) = -w - 9. What is p(l)?
0
Let g(b) = 36*b + 3. Let t(h) = 12*h + 1. Let z(k) = -3*g(k) + 8*t(k). Suppose 14 = 5*l - 1. Suppose l*q = -5*o + 10, -3*o + q + 4*q = 28. What is z(o)?
11
Let m = -91 - -50. Let w = 42 + m. Let y(k) = -12*k**3 + 2*k**2 - 1. Determine y(w).
-11
Let n(f) = 3*f**2 - 24*f + 8. Let j(q) = 8*q**2 - 68*q + 23. Let y(k) = -4*j(k) + 11*n(k). What is y(-8)?
-4
Let y(z) = 2*z**2 + 6*z + 1. Let l(o) = -3*o**2 - 5*o - 1. Let b(g) = 7*l(g) + 6*y(g). Suppose 12*f - 4 = 8*f. Give b(f).
-9
Let k(f) = 67 - 31 - f + 2*f - 32 + 0*f. Let m = 5 - 8. Give k(m).
1
Let h(z) = z**3 - 5*z**2 + 5*z - 5. Let w(n) = 4*n**2 + 5*n - 5. Let f be w(1). What is h(f)?
-1
Let c(g) = -g + 11. Let h(m) = -4*m + 35. Let j(d) = 7*c(d) - 2*h(d). Let p(k) = -k - 2. Let z be p(-6). Suppose q + 5 = 0, z*x + 4*q + 16 = -4. Calculate j(x).
7
Let u be (9/(-6))/(1/2). Let w(k) = k**3 + 3*k**2 + 6*k - 4. Suppose -3*o - 10 = 5*b, 2*o + 5 = o. Let f(d) = d - 1. Let x(h) = b*w(h) - 6*f(h). Calculate x(u).
2
Let r(f) = f**2 - 6*f**2 + 5 + 0 + f**3. Let g(j) = -160*j + 2405. Let p be g(15). What is r(p)?
5
Let h(f) = 26 - f**2 + 20 - 2*f - 59 + 25 + 4*f. Calculate h(6).
-12
Let o(d) be the second derivative of -d**4/12 + d**3/2 + 3*d**2/2 - 10*d - 2. Let j = -1 + 6. Give o(j).
-7
Let m(s) = s - 9. Let c be 5*(-16)/8 + 20. Calculate m(c).
1
Let j(g) = -g**3 - 4*g**2 + 4*g - 3. Let f be j(-5). Let t(u) = -7*u - 1. Let a(m) = -3*m. Let n(q) = 5*a(q) - 2*t(q). Calculate n(f).
0
Let c be (129/3)/(-4 - -5). Suppose b = 4*b. Let l(y) = -7*y - 1 + b - c*y**2 + 42*y**2. What is l(-5)?
9
Let h(m) be the third derivative of m**9/60480 + m**8/6720 - m**7/1680 + 13*m**5/60 + 5*m**2. Let j(n) be the third derivative of h(n). Calculate j(-3).
9
Let j(i) = -i + 10. Let x be j(8). Suppose 2*f - 3*o - 4 = 0, -x = -f - 0*f + 3*o. Let m(t) = -6*t + 1 - 2*t**f - t**2 + 2*t**2. Calculate m(-4).
9
Suppose 32 = -r + 24. Let c(z) =